2
What is the value of 131 + (-76 - 84) + -102?
-131
What is the value of 0 + -1 + 1 - (-3 + 21 + (-21 - -27))?
-24
What is -1919 - -1793 - (-63 + 2)?
-65
Calculate 55 - (144 + 6) - -65.
-30
What is the value of -102 - (-25 - ((-19 - -2) + 15 + -19))?
-98
What is the value of -3 + (61 - 57 - (-2 + 1))?
2
14 + (-12 - 0 - -1 - 8) + -16
-21
What is 348 - 373 - (-10 - 55)?
40
Calculate -41 - (54 + -26) - -30.
-39
Calculate 48 + -3 + -9 + -10 + (-66 - -79).
39
Calculate (35 - (13 - (-21 + 44))) + 8.
53
What is -18 + 11 + (50 + 1 - (139 - 138))?
43
Calculate (7 + -63 - -26) + 14 - -79.
63
What is (-47 - 100) + 103 - (0 - 17)?
-27
Calculate -20 - (-73 + 105) - 6.
-58
-10 + (-4 + (8 + (-8 - -10) - 1) - 2)
-7
What is -3 + -14 + 17 + 8 + -34?
-26
What is the value of 0 - -36 - (756 + -751)?
31
11 + (21 - (-39 - 3)) + -25
49
What is the value of (-201 - -179) + (1 - -31) + -8?
2
10 - (-5 + (-12 - -30) + -33) - 9
21
What is -29 + (14 - 8) + 1 - -3?
-19
What is (56367 - 56291) + 1 + (0 - 2)?
75
Evaluate (10 - (-2 + 1 + 4)) + (-22 - -29) + 63.
77
What is the value of 41 + 3 - (-5315 - -5378)?
-19
Evaluate 58 + (-201 - -44 - -13).
-86
1 - (284 - 365 - (-24 - 1))
57
What is the value of (86 - 21 - 188) + 72?
-51
What is the value of (-21 - 0) + -69 + 138 + (4 - (5 + -5))?
52
-1 + -17 - -22 - 37 - (2 + (2 - 15))
-22
Calculate -7 - (-16 - (2 - 0 - (-7 + (10 - 1)))).
9
What is -114 + 96 + 20 + (-1 - 1 - 30)?
-30
What is the value of -3 + 0 + -5 + 14 + 5 + -6 + -4?
1
Evaluate -10 + 1 + (-52 + -7 - (-22 + -32)).
-14
Calculate (-118 - -148) + 23 + -38.
15
What is the value of -2 + (0 - (-5 - -2)) + -1433 + 1535?
103
What is the value of -40 - (-24 - -35) - -62?
11
Evaluate 5 + (-22 - -5) - -14 - (-5 + -1).
8
What is -113 - (29 - (22 - 44 - -97))?
-67
What is -33 + 0 + (52 - 429 - -333)?
-77
Evaluate -1 + 3 - (1 - 8 - (34 + (32 - -5))).
80
What is the value of 56 - (27 + -8) - 20?
17
20 - (1 - 12 - (60 + -70))
21
What is the value of 16 + -20 + (0 - -4 - 1) - (19 + 5)?
-25
Calculate (29 - (28 - 11) - 19) + 51 + 9.
53
9 + -20 - (30 + -8 + -4 + 10) - 2
-41
What is the value of (20 - (-22 - -59)) + 36?
19
What is (-11 - -39) + -77 + 21?
-28
What is -5 + (9 - -17) + -13 + -12 + 26?
22
Calculate 53 - (147 + (-168 - -8) - (1 - (1 - 0))).
66
(215 - 185) + 4 + 11
45
-46 + 111 + (41 - 101)
5
What is the value of 32 - (48 - 51) - 15?
20
What is the value of (38 - 10 - (26 - (25 - 7))) + -16?
4
What is the value of (355 - 320) + 8 + 3 + 37?
83
Evaluate -15 + 29 + -17 + (13 - (0 + 6 + -4)).
8
What is the value of 6 + (50 - 10) + -85?
-39
What is the value of 34 - (-12 + 16 + 64)?
-34
What is the value of -124 + 116 - (-8 + (-3 - -6) + 28)?
-31
What is the value of (-46 - (-4 - 9)) + 56?
23
Calculate (-64 - -70) + 3 + 2 + (-17 - -7) + -7.
-6
Calculate (20 - 22) + 7 - 18 - 35.
-48
62 - -1 - (2256 + -2234) - (-7 - -1)
47
Calculate -5 - (-37 + 8 + 15) - 4.
5
What is the value of -61 + (-6 - ((-28 - -2) + 29))?
-70
Calculate -19 - (0 - -32 - 20).
-31
(32 - (-4 + 45)) + -18
-27
What is (-14 - -13 - (-23 + (-3 - -16))) + (-1 - 23)?
-15
Calculate -27 + 6 + 1 + 81 + 1 + 40.
102
Calculate (18 + -17 - -19) + -26 + 20 + -103 + -1.
-90
What is the value of -1 + 38 - (-7471 - -7458)?
50
-107 + (83 - (32 + -31))
-25
Calculate 8 - (15 + -20 - 12) - -20.
45
Evaluate -32 + -5 + -1 + -11 + 32 - 12.
-29
Calculate 74 + 0 + 1 + (422 - (270 - -147)).
80
What is the value of (11 + -8 + -98 - (-3 + 0)) + -4?
-96
101 + -7 + (-74 - -22)
42
Calculate -6 + -40 + -1 + 12 + 28 + -49.
-56
What is 86 + -207 + (57 - -103)?
39
Evaluate 0 + -99 - (-5681 - -5621).
-39
What is the value of (-1 - -4 - (-200 + 202 - (-14 + -1))) + -16?
-30
What is the value of -378 - -366 - (-20 + 11 - (2 - (1 - 1)))?
-1
28 + -9 + -20 - (-24 + 1 - -2)
20
(-5 - -1) + (-4 - (40 + -41)) + -2
-9
Calculate 5 + 4 + (-89 - -72) - 8.
-16
What is the value of -1 + (-3 - (-5 + 0 + 21 + -121 + 15))?
86
What is 1 + 22 - (-15 - -51 - 57)?
44
Calculate -6 + (-7 - -4 - -73) - -4 - 7.
61
Evaluate -103 + -46 + 67 + (-4 - -10).
-76
What is the value of (-25 + 28 - 1 - -14) + 3?
19
Evaluate (-5 - (18 + -33)) + (2 - -7) + 2.
21
What is the value of (1 - 77) + -24 + (13 - -5) + 28 + -33?
-87
What is the value of (12 - (-49 + 79)) + 44?
26
Calculate (-19 + 38 - (2 - 20)) + -12.
25
(-19 - (18 + ((11 - 15) + -10 - -3))) + 0
-26
Calculate -15 + (25 - (-17 - -10)) + -14.
3
What is the value of -2 - (-13 - (-9 + 20 - -8)) - -3?
33
What is 13 + 15 - ((-7 + 1 + 2 - -8) + 0)?
24
What is (-16 + -20 + 16 - -9) + 64 - -4?
57
What is the value of 33 + -56 + 26 + -43?
-40
Evaluate 18 + (-38 - 37) + 130.
73
Evaluate (-9 + (-1 - -13) - 2 - -10) + 26.
37
-66 + 0 - (-15674 + 15612)
-4
Calculate -239 + 228 + (-1 - 3 - -37).
22
What is the value of (906 - 909) + (2 - ((0 - 2) + 9)) - -3?
-5
Evaluate 6 - ((-3 - 4) + (16 - (-15 - -10))).
-8
Evaluate (22 - (10 + 58)) + 55.
9
109 + -149 + 69 - (5 - 21)
45
What is the value of (81 - 129) + 64 + 1 + 4?
21
What is the value of -18 + (-20 + 87 - 99)?
-50
What is (3 + -3 - 5) + 12 + (56 - 35) + -9?
19
What is 21 + (60 + -70 - (17 - 0))?
-6
What is the value of -154 + 99 + 0 + (4 - 4)?
-55
Calculate (49 - 30) + -12 + -48.
-41
Calculate -9 - (1 + (20 + -20 - (12 + -1))).
1
What is the value of -17 + -97 - ((-10 - -19) + -27 - -9)?
-105
Evaluate 27 - (14 + (44 - (-44 + 33))).
-42
What is the value of -1 + -16 + (141 - (218 - 17))?
-77
What is the value of -6 + (0 + 18 - (7 - -10)) + -69?
-74
Evaluate (-18 + 7 - (1 - 29) - 4) + (1 - 78).
-64
Calculate (0 - (2 - (-3 - (4 - 2)))) + -1 + 10.
2
What is the value of 38 + 21 + (46 - 21 - 50)?
34
Calculate (-33 - -74 - -115) + -83.
73
What is -5 - ((0 - 2) + (2 - 6) - (-2252 - -2293))?
42
What is -130 - ((3 - 0) + -7 - (-307 - -316))?
-117
(-25 - -22 - -24) + (-11 - 1) + 14 + 16
39
What is the value of -67 - -29 - -36 - (-23 - -7)?
14
Evaluate -19 - 0 - (14 - (-6 - -26 - -5)).
-8
1 - (3 + -11 + 7 + 8) - (2 + -34)
26
207 + -183 - (-5 - -7)
22
What is the value of -43 - (-10 - -10 - 85) - 127?
-85
3 + (17 - (13 + -14 + -2 + 11))
12
What is the value of (23 - 1) + (-12 + -118 - (2 + -24))?
-86
What is the value of -78 + 77 - (-39 - 0 - 10)?
48
What is 0 + -36 + -10 + -3 + 7?
-42
14 - -36 - 60 - (-38 - (-7 + 3 - 1))
23
What is (20 - 18) + -56 - -124?
70
What is -64 + 166 + (43 - 130)?
15
Evaluate 15 + 1 + 0 + 43 + -79 + -91.
-111
Evaluate (-27 + 5 + -27 - (14 + -2 - 7)) + 13.
-41
What is 43 + (-32 - (-31 + -37)) - 24?
55
(-16 - -1) + (-87 - -45 - -37)
-20
Evaluate -12 + -46 + (-13 - -51) + (-2 - -68).
46
Evaluate 25 - (-1911 + 1880 - (-2 + 2 + -12)).
44
What is the value of (76 - 7 - 28) + (3 - (3 - 4) - 3)?
42
Calculate -3 + (-17 - -43) + -1 - 71.
-49
What is the value of -25 - -9 - ((4 - -2) + (-6 - -8 - 0))?
-24
What is (2847 - 3141) + 156 + -2?
-140
What is the value of (-61 - -60) + -53 + 3 + 2 + 0 + 1?
-48
What is -18 - (9 - (-202 + 206 - (-2 + 2 - 12)))?
-11
Evaluate 0 + 96 - 43 - 68.
-15
14 - (5 - (-23 - -30))
16
What is 5 + 3257 + -3251 + 20 + (0 - 2)?
29
Evaluate 6 + (-3 - -2) + 2 - (10 + (53 - 73)).
17
Evaluate 4 - (-16 + 27 + (-15 - -9) + 0 + -15).
14
Evaluate 2 + (1 - 152) - (-52 + 139 + -80).
-156
0 + 2 + 4 - (-9 + 51 + -58)
22
What is 17 - ((-2 - -14) + (-35 - -23) + -16 - -6)?
27
Calculate -1 - (4 - 5 - 5) - (41 + -46).
10
1832 + -1818 + (-1 - 2) + -8
3
What is -119 + 141 + -11 + (-1 - 15)?
-5
Calculate -34 - -120 - (-6 + (-17 - -43)).
66
What is 68 - (-47 + 82) - 172?
-139
Evaluate 24 - (1 + 23 - -90) - (9 - 4).
-95
41 - 15 - (-11 + -9 + -1)
47
What is (-13 - (2 - 16)) + -9 + -20 + -5?
-33
Calculate 10 - (-9 - (-36 - 13 - -10)).
-20
Calculate (-27 - (-16 + 3 + -3)) + -3 + 41.
27
Evaluate -40 - (-52 - (-49 + 70)).
33
(1 + (3 - -12) - (1 - 42)) + 0
57
What is 39 + 2 + (-279 - -267)?
29
What is the value of (-18 - -24) + -82 - (9 + -3 - -1)?
-83
What is the value of (1 - (-1 + (131 - 1))) + (8787 - 8778)?
-119
Calculate 998 + -962 - (76 - (-5 - -7)).
-38
Evaluate (5 - -22) + -14 + 20 + -79.
-46
Evaluate (-1 - -1 - 15) + 2731 + -2645.
71
Evaluate -1 + 3 + (-9 - (-13 - (0 + -2 + 10))).
14
Calculate -9 - (34 + -1 + (5 - 13 - -17)) - 11.
-62
Calculate 4 + (12 - 6) + -3 - -4.
11
What is (137 - 128 - (3 - -21)) + 85 + -1?
69
3 + 42 + (14 + -20 + 4 + 5 - 2)
46
What is -31 - (-9 - 24) -